l*v = -4*z + 36, 3*z + 1 = -2*v + 21. What is the units digit of z?
8
Let b(n) = -n**3 - 11*n**2 - 13*n - 7. Let z be b(-10). Suppose -2*x + 21 = -z. What is the tens digit of x?
2
Let k(s) be the first derivative of s**3/3 - s + 2. Let x = 9 - 6. What is the units digit of k(x)?
8
Let i be 24*4/18*3. What is the tens digit of 97/5 - i/40?
1
Let b = 7 - 13. Let n be (b - -8) + 14*13. What is the units digit of 4/(-6) + n/24?
7
Let c(a) = 0 - a + 3*a - 2. Let i = 1 - -2. What is the units digit of c(i)?
4
Let w(q) be the third derivative of -q**6/120 - q**5/6 - q**4/8 - 5*q**3/3 - 7*q**2. What is the units digit of w(-10)?
0
What is the units digit of (8 - 11) + 7*2?
1
Suppose 0 = 4*q + q - 5. Let p be (39/(-6))/(q/(-2)). Let z = p + -4. What is the units digit of z?
9
Let g(t) be the second derivative of -t**4/12 - 2*t**3/3 - 5*t**2/2 + 2*t. Let i be g(-6). Let s = -2 - i. What is the units digit of s?
5
What is the hundreds digit of (7 - -99) + 2 + 0?
1
Let w(h) = -6*h - 2. Let o = 20 - 22. What is the tens digit of w(o)?
1
Suppose -2*w = -w - 4. Suppose 5*n - 105 = -5*y, -1 = -w*n + 4*y + 107. What is the units digit of n?
4
Suppose -2*l + 16 = -k, 2*l = 4*l - 6. Let n = -8 - k. What is the units digit of n?
2
Suppose 0 = -h - 24 + 76. Let y = h + -36. What is the tens digit of y?
1
Let v be (0*1/2)/3. Suppose v = a - 22 + 6. What is the tens digit of a?
1
Let y be (-1 - -21)/((-3)/3). Let h be 6/12*y/(-2). What is the units digit of ((-8)/h)/(2/(-10))?
8
Let p(m) = -m**2 - 5*m + 3. Let b(g) = -g - 9. Let i be b(-5). What is the units digit of p(i)?
7
Let f(c) = -c**2 - c + 7. Suppose 10 = -o + 5*n, o + 3*n = -0*o + 6. What is the units digit of f(o)?
7
What is the units digit of (-3)/1 + (0 - -3 - -7)?
7
Let y(a) = -2*a + 1. Suppose 2*x = -0*x - 4. Let g be y(x). Suppose -8*t + 39 = -g*t. What is the tens digit of t?
1
Suppose k + 3 = -0*r - r, 4*k = r + 8. What is the units digit of (-64)/(-6) + k/3?
1
Suppose 2*r - 8 = 4*j - j, 0 = -r + 2*j + 6. What is the tens digit of 22 + (3 + -3 - r)?
2
Let z be 2 + (-2)/(-2) + 0. Suppose 5*y - s - 64 = 0, -z*s - 50 = -4*y - s. What is the tens digit of y?
1
Let k(z) = z**3 - 9*z**2 - 7*z - 13. What is the tens digit of k(11)?
5
Suppose 0 = -2*s - f - 9, 2*s - 6*f - 6 = -2*f. Suppose -2*l + 0*l = 0. What is the tens digit of s/3 - (l - 17)?
1
Let d = -9 + 15. Let a(n) = -n**2 + 7*n + 3. What is the units digit of a(d)?
9
Let g = -29 - -34. Suppose g = -2*q + 7*q. What is the units digit of q?
1
Let h = -45 + 113. What is the units digit of h?
8
Let w(q) = -q**2 + q + 124. What is the tens digit of w(0)?
2
Let v(u) = -27*u + 21. What is the tens digit of v(-5)?
5
Let f be 7*-3*(-4)/(-7). Let n be 7 + (f/(-3) - 2). Suppose 0 = -c - 2*c + n. What is the units digit of c?
3
Let i(k) = 5*k - 5. Let a be i(4). Suppose -2*j = 4*v - 28 - 2, 0 = 3*j + a. What is the units digit of v?
0
Suppose 0 = -4*g + 92 + 136. What is the tens digit of g?
5
Suppose -8 = 2*d + z, -5*d - 30 = 4*z + z. Let w = 16 + d. What is the tens digit of w?
1
Let s = -22 + 10. Let g be (-19)/(-2)*(-2)/1. Let x = s - g. What is the units digit of x?
7
Suppose 33 = 5*i + 3*t, -i - 2*i + 5*t = -47. Let f = -18 + 21. Suppose -3 = f*d - i. What is the units digit of d?
2
Suppose -2*q + 4*q = 0. Let a be q*(3 - 1)/2. Suppose 5*h - 10 = -a. What is the units digit of h?
2
Suppose 0 = 4*j - 3*j - 4. Suppose -3*g + 3*v + 124 = g, -18 = -g + j*v. Suppose u + u - g = 0. What is the units digit of u?
7
Let d = 19 - 31. Let v = -6 - d. What is the units digit of v?
6
Let f(g) = 3*g**3 - 2. Let i be ((-12)/5)/(2/(-5)). Suppose -4*d + i = -d. What is the units digit of f(d)?
2
Suppose 5*j - 4*j = 19. Let p = j - 3. Suppose p = 4*g + y - 10, -2*y = 2*g - 16. What is the units digit of g?
6
Suppose 5*s = s + 48. What is the tens digit of s?
1
Suppose 0 = -2*j + 3*j - 14. Let h = j + -8. What is the units digit of 1/2 + 3/h?
1
Let x(u) = -u + 1. Let c be x(7). What is the tens digit of -7*(-1 - c/(-3))?
2
Suppose 15*a - 2562 = 498. What is the hundreds digit of a?
2
Let b(z) = 5*z + 11. What is the hundreds digit of b(19)?
1
Suppose -517 = -5*r + 3*d + 94, 0 = -2*r + 2*d + 242. What is the units digit of r?
4
What is the tens digit of -2*(-2)/(-12) + (-674)/(-6)?
1
Suppose 0 = d + 4*d - 180. What is the tens digit of d?
3
Let g be (-2)/(-3)*30/4. Let s = 5 - g. Let d = 5 + s. What is the units digit of d?
5
What is the units digit of -14*(20/(-8) + 1)?
1
Suppose 4*v = -79 + 15. Let c = v + 10. What is the units digit of (c + 3)/(-1 - 0)?
3
What is the tens digit of (-5)/15 + 1056/9?
1
Suppose 5*r + 2*l - 211 = 0, 25 = 2*r - 4*l - 45. Suppose 4*a = -2*i + 30, -a - 3*a = 3*i - r. What is the units digit of i?
1
Let c(v) be the third derivative of v**5/60 + v**4/3 + 5*v**3/3 + 4*v**2. Let o be c(-8). What is the units digit of o/4 + (-24)/16?
1
Let v = 58 - 2. What is the units digit of v?
6
Let v be 7*2/(4 + -2). Suppose -x + 0 + v = 0. What is the units digit of x?
7
What is the tens digit of ((-156)/(-10))/((-18)/(-45))?
3
Let f = -5 - -8. Suppose -59 = -4*n - 11. Suppose -c + n = f*c. What is the units digit of c?
3
What is the tens digit of ((-18)/45)/(5/(-4775))?
8
Let k(v) = -9*v - 8. What is the tens digit of k(-6)?
4
Suppose 0 = 18*c - 23*c + 150. What is the units digit of c?
0
Let y = 23 + 1. Let a = -13 + y. What is the tens digit of a?
1
Suppose 0 = 4*b + 8, 0*b - b = 2*k + 30. Let r be 4/k - (-48)/21. Suppose 0 = 3*h + r - 11. What is the units digit of h?
3
Suppose -3*f + 2*f = -3*t + 2, 5*f + 2*t - 7 = 0. Suppose f = h - 2. Suppose 3*v = 3*x + 57, h*v - 52 = -4*x + 19. What is the tens digit of v?
2
Suppose 16*h - 17*h = -160. What is the units digit of h?
0
Suppose -3*o + 18 = 4*i, 0*i - 4*o = -3*i + 1. Let k(c) = c**3 - 2*c**2 - c + 2. What is the units digit of k(i)?
8
Let w(x) = -x**3 - 2*x**2 - 3*x - 3. Let o be w(-2). Suppose -4*t = r - 38 + 12, -16 = -o*t + r. What is the units digit of t?
6
Let t(r) be the third derivative of -r**6/120 + r**5/10 + r**4/12 + r**3 + r**2. Let a be t(6). Suppose 5*v = a + 2. What is the units digit of v?
4
Let s(k) = k**2 + 13. Let o be s(0). Suppose 11 + o = 4*p. What is the units digit of p?
6
Suppose 3 - 18 = -5*l. Let x = l + 5. Suppose -6*k = -4*k - x. What is the units digit of k?
4
What is the tens digit of (-78)/(-8) - (-16)/64?
1
Suppose 3*q - 3*f = 87 + 42, -5*q + 205 = -3*f. What is the tens digit of q?
3
What is the units digit of -2 + (-3 - (-58 + -3))?
6
Let s = -4 + 8. Suppose 0 = 4*f - 6*k + 4*k - 178, -173 = -s*f + k. What is the units digit of f?
2
Suppose 4*i - 4*u - 229 = -u, 4*i - 5*u = 219. Suppose -3*v + i + 29 = 0. What is the units digit of v?
0
Let g = -49 + 154. What is the units digit of g?
5
Let u(y) = 2*y + 4. Let t be u(-3). What is the tens digit of (-4)/6*30/t?
1
Let a = 8 + -4. What is the units digit of a?
4
Let r = -124 - -192. What is the units digit of r?
8
Let m = 22 - 16. What is the units digit of m?
6
Let a be ((-15)/(-30))/((-1)/(-6)). Suppose -2*y - 3*h + 45 = 0, -a*y - h + 60 = -4*h. What is the tens digit of y?
2
Let v = 7 - -4. What is the units digit of v?
1
Suppose 0*y - 4*y + 5*z + 167 = 0, -5*z = -5. Suppose 5*l + y = 113. What is the units digit of l?
4
Let h(b) = -b**2 - 12*b - 15. Let n be h(-10). Suppose u = n*u - 16. What is the units digit of u?
4
Let a(k) = -k**3 + 3*k**2 + k. Suppose -4*l = -14 - 10. Suppose -2*o + l = -0*o + 2*d, 0 = 4*o - 3*d - 5. What is the units digit of a(o)?
6
What is the hundreds digit of (-3 - 0 - -1)*(-86 - 0)?
1
Suppose 23*c = 19*c + 236. What is the units digit of c?
9
Suppose -3*o + 2*o = -95. What is the tens digit of o?
9
What is the units digit of -3 - (78/(-2) + (-4)/(-4))?
5
Let m be 0 - 2/((-4)/(-10)). Let w = 7 + m. Let n = w - -3. What is the units digit of n?
5
Suppose -2 = -2*d - 4, j - 3*d = 6. Suppose -3*u + 37 = 2*h, 2*h - j*h + 41 = 4*u. What is the units digit of u?
9
Let f = -96 + 167. What is the tens digit of f?
7
Let p = -96 + 165. What is the tens digit of p?
6
Let g(d) = 2*d + 13. Let o be g(-4). Suppose 6*m - 12 = 2*m. Suppose -2*i + m*p - 34 = -7*i, -3*i = -o*p - 34. What is the units digit of i?
8
Let u(a) = a**3 + 12*a**2 + 2. What is the tens digit of u(-6)?
1
Let g = 3 - 2. What is t